ivided by 7?
4
Let k(f) be the first derivative of f**4/4 + 4*f**3 - 29*f**2/2 + 4*f - 52. What is the remainder when 68 is divided by k(-14)?
14
Let j(s) = -s**2 - 10*s + 3. Suppose -2*u = -3*c + 2*u - 11, 0 = -2*c - 3*u - 13. Calculate the remainder when j(c) is divided by 8.
4
Calculate the remainder when (-2)/(((-3)/334)/((-21)/(-28))) is divided by 56.
55
Let g(p) = 2*p**3 + 13*p**2 - 7*p + 44. Calculate the remainder when 154 is divided by g(-7).
22
Let l(i) = -i - 2 - 4*i**3 - i**3 + 3*i**3 - 2*i**2 + i**3. Let a be 4/32*6*-4. Calculate the remainder when l(a) is divided by 4.
2
Suppose 24 = 4*a + 3*l, 3*a = -0*l + l + 18. Suppose 148 = a*x - 2*x. Suppose u - 4*q = -6, -u - 4*q + 12 = -14. What is the remainder when x is divided by u?
7
Let l = -320 + 374. What is the remainder when l is divided by 4?
2
Let g = 24 - 21. Let v(z) = -4 + g + 3 + 3*z. Calculate the remainder when 14 is divided by v(2).
6
Let p(a) = -a**3 + 6*a**2 + 7*a. Let g be p(7). Suppose 5*l - 93 + 18 = 0. What is the remainder when l is divided by (27/(-15) + g)*-5?
6
Suppose -7*o - 4 = -32. Suppose 10 = 2*q, -2*c + 2*q = -o*c + 32. Calculate the remainder when -2 + -2 + 4 + 42 is divided by c.
9
Suppose 0 = 5*u + 5*b - 271 - 14, 5*b + 285 = 5*u. Calculate the remainder when u is divided by 12.
9
Suppose -3*j - 480 = -7*j. Let h = -281 + j. Let a = 229 + h. Calculate the remainder when a is divided by 14.
12
Let p = 281 - 200. Suppose 0 = -14*u + p + 73. Suppose 5*h + 0*h = 105. Calculate the remainder when h is divided by u.
10
Let s = -654 + 734. What is the remainder when 559 is divided by s?
79
Let a(k) = -k**3 + 3*k**2 + 2*k - 7. Let s be a(3). Calculate the remainder when 26 is divided by 4 + s - 91/(-13).
6
Suppose -539 = -11*g - 187. Calculate the remainder when 54 is divided by g.
22
Let p = -79 - -82. Suppose p*n - 34 - 20 = 0. What is the remainder when 89 is divided by n?
17
Let c = 28 - 20. Let m = c - -10. What is the remainder when m is divided by 11?
7
Let u(n) = 2*n - 11. Let y be (-7)/(-14) + 11/2. What is the remainder when 100/y - (-4)/12 is divided by u(8)?
2
Let j(t) = 11*t - 50. Let x = -23 - -26. Suppose -x*q + 179 = 2*r, 0 = -2*q - r + 63 + 57. Calculate the remainder when q is divided by j(6).
13
Suppose 0 = 5*p - 4 + 39. Let t(g) = g + 1. Let h(f) = -6*f - 17. Let y(v) = h(v) - 5*t(v). Calculate the remainder when y(p) is divided by 14.
13
Suppose -11 = -2*u + 13. Let s be (-6 - -7)/((-1)/(-34)). What is the remainder when 3/(-3) + (s - -1) is divided by u?
10
Suppose -x + 4*x = 393. Let j = 191 - x. Let g = j - -20. What is the remainder when g is divided by 27?
26
Suppose 0 = -6*q + 913 + 1511. Calculate the remainder when q is divided by 68.
64
Let o = -18 + 31. Let f = o - 6. Suppose -3*l = -f - 8. Calculate the remainder when 16 is divided by l.
1
Suppose 2*g = 3*j - 12, -j + 1 - 4 = -3*g. Suppose -366 = -j*l + 318. What is the remainder when l is divided by 39?
36
Calculate the remainder when (-6)/20*-2 + (-21258)/(-45) is divided by 14.
11
Suppose 0*u + 4*u = 44. Let g(c) = -c**2 - 17*c + 26*c - 2 + 7*c. What is the remainder when g(u) is divided by 18?
17
Suppose 0 = -13*d - 64 + 2846. What is the remainder when d is divided by 55?
49
Let y(p) = -5 + p + 14 - p**2 + 0*p**2 - 9*p. Suppose -3*c - 2*f + 14 = 0, -3*c - 5*f = -0*f - 17. What is the remainder when y(-8) is divided by c?
1
Calculate the remainder when (22/(-8))/((-2)/72) is divided by 53.
46
Let b(p) = 15*p**3 + 2*p**2 - 3*p + 1. What is the remainder when b(2) is divided by ((-3)/(-6))/((-32)/(-1152))?
15
Let p be 7 - (2 + -4 - -6). Suppose -100 = -p*n + l, -n + 72 = n + 2*l. What is the remainder when n is divided by 7?
6
Suppose 5*y = s + 253, -4*s - 260 + 166 = -2*y. Calculate the remainder when 194 is divided by y.
41
Let b = -26 - -30. What is the remainder when (-845)/(-11) + b/22 is divided by 10?
7
Let g = 3 + 2. Suppose -d + 11 = 19. Calculate the remainder when (-2)/d*-2 + (-81)/(-6) is divided by g.
3
Let x = 38 + -29. Suppose x*z = 8*z - q + 31, 2*z = -q + 62. Calculate the remainder when z is divided by 9.
4
Let r(m) = -9*m + 95. What is the remainder when 120 is divided by r(7)?
24
Let j(n) = 7*n - 13 + 3*n**2 - n + 0 + 4*n. What is the remainder when j(-6) is divided by 9?
8
Let g(v) = -v**3 - 4*v**2 - 6*v - 6. Let p be g(-3). Suppose -p*f - 2 = -29. What is the remainder when 71 is divided by f?
8
Let v = -10 - -17. Let n(p) be the first derivative of p**2 + 1. Calculate the remainder when v is divided by n(1).
1
Let y(j) = -j**3 + 8*j**2 + 8*j + 18. Let o be 3/5 + 21/15. What is the remainder when y(9) is divided by (2*1)/(o/3)?
0
Suppose -562*c = -557*c - 1935. What is the remainder when c is divided by 98?
93
Suppose -5*w = 2*o - 58, 3*w = -2*o - 2*o + 130. Calculate the remainder when 189 is divided by o.
19
Suppose -7*x = -2*x - 80. Suppose 0 = 2*d + x*d - 1314. Calculate the remainder when d is divided by 30.
13
Suppose -7*k = -k - 48. Suppose -2*v + 3*o - 4*o = -10, 2*o + k = 3*v. Calculate the remainder when 8 - 0 - (-2)/(-2) is divided by v.
3
Let y(q) = -4*q**2 - 31*q - 19. Let h = -14 - -23. Let x(g) = g**2 + 8*g + 5. Let j(s) = h*x(s) + 2*y(s). Calculate the remainder when 34 is divided by j(-11).
16
Let c(h) = 35*h**2 + h. Let w be (((-64)/24)/(-4))/(2/3). Suppose 571 = 5*s - 139. Calculate the remainder when s is divided by c(w).
34
Suppose 0 = 4*c + c - 20. Let v = 15 - c. Let q = -6 + v. What is the remainder when 17 is divided by q?
2
Let f(k) = -k**2 - 5*k + k**2 + 4*k**2 + 4*k. Let a be f(1). Suppose -3*m + 6*m - o = 37, 0 = -a*m + 2*o + 41. What is the remainder when m is divided by 4?
3
Let b = -206 + 237. What is the remainder when 142 is divided by b?
18
Suppose -5*b + 246 = -109. Suppose -76*d = -b*d - 170. Calculate the remainder when d is divided by 5.
4
Let s(u) = -24*u - 3. Suppose a + 0 = 3*x - 1, -31 = a + 3*x. Let t = 3 - a. What is the remainder when s(-4) is divided by t?
17
Suppose -495 = -35*l - 10*l. Calculate the remainder when 766 is divided by l.
7
Suppose -4*z + 120 = -5*b + 418, 3*b - 180 = 3*z. Suppose 6*y - b = 4*y. Let v = 35 - 19. Calculate the remainder when y is divided by v.
13
Calculate the remainder when (-104090)/(-490) - 8/(-14) is divided by 17.
9
Let z = -4 - -8. Let t(y) = y**3 - 4*y**2 + 4*y + 3. What is the remainder when (-1)/4 + 293/4 is divided by t(z)?
16
Suppose -s + 53 + 186 = -4*t, -5*s + 4*t = -1259. Let m = s + -81. Suppose -2*k = -0*k - m. What is the remainder when k is divided by 30?
27
Let a(i) = -4*i**3 + 36*i**2 + 3*i + 12. Suppose y = 2*s - 10 - 27, 3*s = 3*y + 48. Calculate the remainder when a(9) is divided by s.
18
Let w = 2931 + -2814. Calculate the remainder when w is divided by 101.
16
Let h = 698 + -480. What is the remainder when h is divided by 46?
34
Suppose -5*p = 5*w + 55, -3*p - 2*w = 2*p + 52. Let n = -6 - p. Let s(h) = 2*h**3 - 8*h**2 - 13*h + 28. Calculate the remainder when s(5) is divided by n.
1
Let h(n) = -30*n - 42. Let z(v) = 2*v**2 - 5*v - 2. Suppose -3*t - 12 = -6*t. Calculate the remainder when h(-2) is divided by z(t).
8
Suppose 5*d = -5*j - 505, d = -3*d - 2*j - 410. Let l = d + 163. What is the remainder when l is divided by 10?
9
What is the remainder when -2 + 8 + (-1 - (-614 - 4)) is divided by 78?
77
Let j = 110 - 48. Calculate the remainder when j is divided by 12.
2
Let t(p) be the first derivative of 2*p**3 - 7*p - 2. What is the remainder when t(4) is divided by 18?
17
Suppose 3 + 5 = 4*l. Let i be ((-2)/1 - -1)*-3. Suppose 4*n + b - 22 = 0, -6*n = -2*n + i*b - 18. What is the remainder when n is divided by l?
0
Suppose 0 = -11*v + 7*v + 12. Suppose -3*w = 4*h - 64 + 5, -4*h - 4*w + 64 = 0. Calculate the remainder when h is divided by v.
2
Let u(k) = k**2. Let a be u(-5). Let r be 19 + (10/85 - (-45)/51). Let i = a - r. What is the remainder when 7 is divided by i?
2
Calculate the remainder when 73 is divided by (-6)/(-1) + 15/135*-9.
3
Suppose -t + 107 = 5*y - 2, -y = -t - 23. Let u = 172 + -42. What is the remainder when u is divided by y?
20
Let j = 1813 - 1775. Calculate the remainder when 113 is divided by j.
37
Suppose 7*d - 156 = 5*d. Calculate the remainder when 146 is divided by (-13)/d + (1 - (-175)/6).
26
Let y(d) = -d**3 + 12*d**2 -